 - c = -10. Let a = l - 1. List the prime factors of a.
11
Let c be (-24)/16 + 2/(-4). Let r be (-14 + -1)*c/(-3). List the prime factors of (-4)/r + 231/35.
7
Let c = 25 - 0. List the prime factors of c.
5
Let i be ((-1)/1)/((-5)/155). Let q = i + -20. Suppose -11 = -2*r + q. What are the prime factors of r?
11
Let x(l) = -l**3 - 6*l**2 - 7*l - 7. Let c be x(-5). Suppose 0 = -f - c*f + 68. What are the prime factors of f?
17
Suppose -4*q - 3*u + 74 = -39, 140 = 5*q + 4*u. What are the prime factors of q?
2
Let v = 29 + -70. Let m = v + 66. List the prime factors of m.
5
Let f(u) = -3*u**2 + 16*u - 7. Let k be f(5). Suppose 4*a = -4*m + 120, -m + 5*a + 46 = -2. List the prime factors of (-4)/k*m/6.
11
Suppose 4*k = -k + 20. Let i = -2 + 4. Suppose 14 - k = i*m. List the prime factors of m.
5
Let z(o) be the second derivative of o**3/2 - 3*o**2 - 3*o. What are the prime factors of z(9)?
3, 7
Let q = -72 + 14. List the prime factors of q/(-5) + 2/5.
2, 3
Suppose 3*r + 8*a - 52 = 3*a, -r + 2*a = 1. What are the prime factors of r?
3
Suppose 4*u - 47 - 49 = 0. List the prime factors of u.
2, 3
Suppose -3*d - d = 2*w - 18, 4*d - 8 = 0. Suppose -w*x - 92 = -317. What are the prime factors of x?
3, 5
Let i(q) = -14*q - 5. Let z = -14 - -12. List the prime factors of i(z).
23
Let q(t) = -t**2 - 21 + 9*t**2 + 20. List the prime factors of q(1).
7
Let l(k) = k**2 - 6. Suppose -4*n = n + 30. What are the prime factors of l(n)?
2, 3, 5
Suppose 10*y - 5*y + 3*f - 124 = 0, 5*f - 16 = -y. Let b = y - 12. Suppose 0 = 4*j + 6 - b. What are the prime factors of j?
2
Suppose x = -2*y + 3, -x = 3*y - 3*x + 13. List the prime factors of (16/(-12))/(y/6).
2
Let n be 0 - (-2)/2 - -5. Let c(y) = y**3 - 6*y**2 + 7*y - 1. List the prime factors of c(n).
41
Let x(d) = -d**3 + 2*d**2 - d + 9. Let l(m) = -m + 1. Let w = 3 - 4. Let f(r) = w*x(r) + 6*l(r). List the prime factors of f(4).
3
Let f = -6 - -12. Suppose f + 38 = 4*r. What are the prime factors of r?
11
Suppose -5*u = -19 - 1. Let m = u - -5. What are the prime factors of m?
3
Suppose -2*w = 3*l - 4, w + 3*w = -5*l + 10. Suppose 11 = -g - 3*h - h, w = -g - 2*h. What are the prime factors of (12 - 4) + g*2?
2, 5
Suppose -4*r + 3*d + 1 = 0, 5*r - 4*r = d. What are the prime factors of 2 - 3*(-2 + r)?
5
Let i(l) = l**3 + 11*l**2 + 10*l - 1. Let u be i(-10). Let h = 10 + u. List the prime factors of h.
3
Let n be (-3)/(-2) - 27/6. Let k be (-94)/n + 8/12. Suppose g - k = -g. List the prime factors of g.
2
Suppose 3 = 2*i - i. Suppose -5*z + 17 = 4*w - i*w, -z = -2*w + 23. What are the prime factors of w?
2, 3
Let r = -135 + 66. Let x = r - -114. Suppose -30 = -4*g - g - 4*z, -x = -3*g + 3*z. List the prime factors of g.
2, 5
Let y(w) = -w**2 + 14*w - 12. Let r be y(13). Let t = r - -2. Suppose t*h - 28 = 29. What are the prime factors of h?
19
Let z = 12 - -4. List the prime factors of z.
2
Suppose -25 = -4*t - 3*h + 108, -210 = -5*t + 5*h. Let f = t - 17. List the prime factors of f.
2, 5
Let c(f) = 2*f**3 - 5*f**2 + 2*f + 7. Let m be c(5). Let l = m + -94. Suppose 0 = d + 2*d - l. What are the prime factors of d?
2
List the prime factors of 6/4*(-82)/(-3).
41
Let n(d) = d**3 - 4*d**2 + 3*d - 5. Let v be n(3). Let i(t) be the third derivative of t**4/24 + 2*t**3 - 2*t**2. List the prime factors of i(v).
7
Let s = 15 + -21. List the prime factors of s/(-15) - 46/(-10).
5
Let l be 16/72 - 608/(-18). Suppose 0 = 3*t + 4*c - l, -3*c - c = -t - 10. What are the prime factors of t?
2, 3
Let f(q) = q. Let c(k) = k**3 - 5*k**2 - 6*k + 4. Let p be c(6). List the prime factors of f(p).
2
Let s(r) = r**2 - 14*r + 15. Suppose z - 8 = -t + 5*z, 7 = t - 5*z. Let g be s(t). Let j = 17 + g. List the prime factors of j.
2
Suppose -2*p = 4*v - 30, 2*p - 4*p - 2*v = -20. Suppose -p*w - 21 = 29. Let x = -3 - w. List the prime factors of x.
7
Suppose 4*z + 2*v = 132 + 18, -v = 5*z - 183. Let d = z - 19. What are the prime factors of d?
17
Let t be 208/28 - 6/14. List the prime factors of ((-36)/(-14))/(1/t).
2, 3
Let x be 3 + 9 - (1 + 1). Suppose -x + 68 = 2*g. Suppose q + 0*q = -5*r + 64, -g = -2*r + 3*q. What are the prime factors of r?
13
Suppose -5*g - 5*v + 45 = 0, 5 = 2*g - v - 7. List the prime factors of g.
7
Let i = -31 - -46. What are the prime factors of i?
3, 5
Let j = 86 + -51. List the prime factors of j.
5, 7
Suppose 5*v - p - 98 = 0, 5*p = 3*v - 36 - 14. Let z be (0 - -1)/((-2)/v). What are the prime factors of 11 + (-5)/(z/4)?
13
Suppose 3*l = -2*l + 90. Suppose t - l = -t. List the prime factors of t.
3
Suppose 2*f = 7*f - 330. What are the prime factors of f?
2, 3, 11
Let v be (-14)/10 - (-4)/10. Let x = v + 21. What are the prime factors of x?
2, 5
Let w = -43 - -93. What are the prime factors of w?
2, 5
Suppose 3*s + 264 = 11*s. What are the prime factors of s?
3, 11
Let l = 2 - -13. List the prime factors of l.
3, 5
Suppose 0 = -5*c - w + 22 + 237, 3*c + w = 155. Suppose 0 = -z - 3*z + c. What are the prime factors of z?
13
Suppose 3*u = 224 - 74. List the prime factors of u.
2, 5
Let m(l) = l**3 - 2*l**2 - l. Suppose 0*h = 4*a - 2*h - 20, 2*a = -h + 2. What are the prime factors of m(a)?
2, 3
Let h(g) = -5*g**2 - 3*g - 4. Let a(r) = -r**2 - r - 1. Let s(k) = 3*a(k) - h(k). Let w(f) be the first derivative of s(f). List the prime factors of w(2).
2
Suppose -2*l + q - 44 = 12, -2*q + 138 = -5*l. Let f = l + 45. What are the prime factors of f?
19
Let i(p) = -p + 26. Let n be ((-16)/24)/(2/(-33)). What are the prime factors of i(n)?
3, 5
Let a(j) be the first derivative of j**4/4 + j**3 + j**2/2 + 2*j + 2. Let l be a(-3). List the prime factors of (l/(-2))/((-2)/(-8)).
2
Let u = 17 + 17. List the prime factors of u.
2, 17
What are the prime factors of ((-2)/(30/25))/((-1)/108)?
2, 3, 5
Suppose 4*m + m = 3*f - 4, -4*f = m - 36. List the prime factors of f.
2
Let u = -69 - -190. List the prime factors of u.
11
Let t = -1 - -6. Suppose 0 = -4*d - 5*a + 2, 5 = -2*d + t*a + 21. What are the prime factors of (1 - d) + (-46)/(-2)?
3, 7
Suppose 0 = -2*b - 2*b + 248. List the prime factors of b.
2, 31
Suppose 26 = 2*i - 5*p, -7*p + 2*p - 50 = -5*i. List the prime factors of i.
2
Suppose -3*t + 3*c + 8 - 44 = 0, 3*c = 2*t + 22. Let h = t + 6. List the prime factors of (1/2)/(h/(-304)).
19
Let x(f) = -f**2 + 6*f + 6. Let o be x(7). List the prime factors of (o + 7)*8/6.
2
Suppose 98 = 4*n - 46. Suppose 5*x - n - 29 = 0. What are the prime factors of x?
13
List the prime factors of (-10)/5*48/(-3).
2
Let w(j) = 3*j**2 + 1. Let v be w(1). Suppose 0 = r - v - 6. List the prime factors of r.
2, 5
Let b = -12 + 7. Let r(u) be the third derivative of u**6/120 + u**5/15 - u**4/4 - u**3/2 - 2*u**2. What are the prime factors of r(b)?
2
Let n(q) = 3*q - 13. List the prime factors of n(7).
2
Let t = -50 + 79. Suppose 0 = 5*j - 4*j + 5*d - 40, -4*j + 4*d = -64. Let l = t - j. What are the prime factors of l?
3
Let t be (3 + -1)*1/1. What are the prime factors of 22/(t - (1 - 1))?
11
Let b(z) = 2*z + 17. Let k be b(-8). Let v(f) = 52*f - 2. What are the prime factors of v(k)?
2, 5
Let q(k) = k - 4. Let h be q(5). Suppose -p + 2*a = -h, 2*p = -0*p - a + 7. Suppose p*l = 4*d + 22, -3*l - d + 2 = -0. List the prime factors of l.
2
Suppose 0 = -2*m - 4*y + 20, -m - m = -4*y + 4. Suppose m*u - 5 - 67 = 0. What are the prime factors of u?
2, 3
Suppose 5*r - 205 = 2*g - 39, -3*r = -5*g - 111. Suppose 0 = -m + 3*m - r. What are the prime factors of m?
2
Let w = 3 - 3. Suppose 3*h + w*h = 63. Suppose -h + 60 = 3*p. What are the prime factors of p?
13
Suppose j - 4*j = 9, 0 = -x - j. What are the prime factors of x*(2 + -1 + 1)?
2, 3
Let h be 24/30*(1 + 9). Suppose -3*g = -h - 13. List the prime factors of g.
7
Let w = 78 + -45. Let r = w + -9. What are the prime factors of (0 + 3)/(9/r)?
2
Suppose -10 = -2*i + 4*i. Let r = 1 - i. What are the prime factors of r?
2, 3
Let s = 25 + -1. Suppose -2*g - k + 17 = g, 4*k = -g + s. Suppose t + g*t = -2*r - 4, 2*t + 48 = 5*r. List the prime factors of r.
2
Let y(w) = 44*w - 24. What are the prime factors of y(6)?
2, 3, 5
Let i(m) be the third derivative of m**5/60 - m**4/8 - m**3/6 - m**2. Let q = -84 - -90. What are the prime factors of i(q)?
17
Suppose -1 = i - 4. List the prime factors of 54 + -1 + 